 is divided by 62?
35
What is the remainder when 5328 is divided by 82?
80
What is the remainder when 907 is divided by 14?
11
Calculate the remainder when 232 is divided by 192.
40
Calculate the remainder when 639 is divided by 2.
1
Calculate the remainder when 1047 is divided by 35.
32
Calculate the remainder when 95 is divided by 48.
47
Calculate the remainder when 243 is divided by 76.
15
What is the remainder when 360 is divided by 55?
30
Calculate the remainder when 151 is divided by 61.
29
What is the remainder when 439 is divided by 74?
69
Calculate the remainder when 855 is divided by 814.
41
Calculate the remainder when 698 is divided by 35.
33
Calculate the remainder when 103 is divided by 35.
33
Calculate the remainder when 181 is divided by 23.
20
Calculate the remainder when 185 is divided by 38.
33
Calculate the remainder when 2218 is divided by 111.
109
What is the remainder when 1456 is divided by 490?
476
What is the remainder when 115 is divided by 31?
22
Calculate the remainder when 93 is divided by 25.
18
What is the remainder when 6957 is divided by 120?
117
Calculate the remainder when 358 is divided by 111.
25
What is the remainder when 59 is divided by 6?
5
What is the remainder when 1926 is divided by 65?
41
What is the remainder when 171 is divided by 58?
55
Calculate the remainder when 2385 is divided by 50.
35
What is the remainder when 213 is divided by 36?
33
What is the remainder when 4149 is divided by 7?
5
What is the remainder when 742 is divided by 255?
232
Calculate the remainder when 115 is divided by 17.
13
What is the remainder when 283 is divided by 17?
11
Calculate the remainder when 1050 is divided by 313.
111
Calculate the remainder when 2692 is divided by 55.
52
What is the remainder when 347 is divided by 80?
27
Calculate the remainder when 664 is divided by 28.
20
What is the remainder when 228 is divided by 61?
45
Calculate the remainder when 1901 is divided by 7.
4
Calculate the remainder when 38 is divided by 22.
16
Calculate the remainder when 153 is divided by 22.
21
Calculate the remainder when 1613 is divided by 95.
93
Calculate the remainder when 78 is divided by 21.
15
Calculate the remainder when 304 is divided by 41.
17
Calculate the remainder when 1560 is divided by 514.
18
Calculate the remainder when 165 is divided by 24.
21
What is the remainder when 1240 is divided by 312?
304
Calculate the remainder when 4715 is divided by 39.
35
Calculate the remainder when 67 is divided by 11.
1
Calculate the remainder when 280 is divided by 11.
5
What is the remainder when 143 is divided by 16?
15
Calculate the remainder when 3379 is divided by 38.
35
What is the remainder when 26859 is divided by 92?
87
What is the remainder when 1843 is divided by 92?
3
What is the remainder when 1440 is divided by 475?
15
Calculate the remainder when 3139 is divided by 619.
44
What is the remainder when 570 is divided by 18?
12
What is the remainder when 328 is divided by 69?
52
Calculate the remainder when 787 is divided by 261.
4
Calculate the remainder when 30313 is divided by 141.
139
What is the remainder when 400 is divided by 70?
50
What is the remainder when 1798 is divided by 25?
23
What is the remainder when 192 is divided by 28?
24
Calculate the remainder when 42 is divided by 36.
6
Calculate the remainder when 954 is divided by 191.
190
Calculate the remainder when 3764 is divided by 23.
15
What is the remainder when 2774 is divided by 155?
139
Calculate the remainder when 171 is divided by 38.
19
Calculate the remainder when 2457 is divided by 30.
27
Calculate the remainder when 2342 is divided by 179.
15
Calculate the remainder when 79 is divided by 33.
13
What is the remainder when 2587 is divided by 76?
3
Calculate the remainder when 1010 is divided by 64.
50
Calculate the remainder when 163 is divided by 119.
44
Calculate the remainder when 2056 is divided by 103.
99
What is the remainder when 376 is divided by 20?
16
Calculate the remainder when 128 is divided by 42.
2
Calculate the remainder when 3464 is divided by 12.
8
Calculate the remainder when 332 is divided by 112.
108
What is the remainder when 63 is divided by 53?
10
Calculate the remainder when 2962 is divided by 12.
10
What is the remainder when 558 is divided by 41?
25
What is the remainder when 46 is divided by 16?
14
Calculate the remainder when 675 is divided by 37.
9
What is the remainder when 1062 is divided by 56?
54
Calculate the remainder when 15 is divided by 6.
3
Calculate the remainder when 1142 is divided by 22.
20
Calculate the remainder when 1564 is divided by 752.
60
Calculate the remainder when 46 is divided by 7.
4
What is the remainder when 637 is divided by 58?
57
What is the remainder when 959 is divided by 80?
79
Calculate the remainder when 1471 is divided by 11.
8
Calculate the remainder when 8364 is divided by 7.
6
Calculate the remainder when 370 is divided by 33.
7
Calculate the remainder when 64 is divided by 6.
4
Calculate the remainder when 131 is divided by 12.
11
Calculate the remainder when 393 is divided by 57.
51
What is the remainder when 239 is divided by 24?
23
Calculate the remainder when 1715 is divided by 568.
11
What is the remainder when 334 is divided by 104?
22
What is the remainder when 68 is divided by 13?
3
What is the remainder when 2005 is divided by 15?
10
Calculate the remainder when 111 is divided by 98.
13
What is the remainder when 145 is divided by 73?
72
What is the remainder when 2195 is divided by 61?
60
Calculate the remainder when 880 is divided by 21.
19
What is the remainder when 127 is divided by 22?
17
Calculate the remainder when 150 is divided by 77.
73
Calculate the remainder when 428 is divided by 62.
56
What is the remainder when 644 is divided by 207?
23
What is the remainder when 23 is divided by 14?
9
What is the remainder when 1297 is divided by 260?
257
Calculate the remainder when 50 is divided by 3.
2
Calculate the remainder when 349 is divided by 132.
85
What is the remainder when 8057 is divided by 20?
17
Calculate the remainder when 57 is divided by 8.
1
Calculate the remainder when 300 is divided by 16.
12
Calculate the remainder when 342 is divided by 86.
84
Calculate the remainder when 668 is divided by 216.
20
Calculate the remainder when 956 is divided by 303.
47
What is the remainder when 3648 is divided by 25?
23
What is the remainder when 819 is divided by 268?
15
What is the remainder when 5215 is divided by 42?
7
What is the remainder when 307 is divided by 58?
17
What is the remainder when 5684 is divided by 6?
2
Calculate the remainder when 125 is divided by 6.
5
Calculate the remainder when 50 is divided by 2.
0
Calculate the remainder when 1361 is divided by 340.
1
Calculate the remainder when 195 is divided by 14.
13
Calculate the remainder when 136 is divided by 13.
6
What is the remainder when 479 is divided by 216?
47
Calculate the remainder when 266 is divided by 84.
14
What is the remainder when 433 is divided by 161?
111
Calculate the remainder when 542 is divided by 150.
92
Calculate the remainder when 160 is divided by 23.
22
What is the remainder when 10198 is divided by 12?
10
Calculate the remainder when 1529 is divided by 15.
14
Calculate the remainder when 557 is divided by 20.
17
Calculate the remainder when 13159 is divided by 28.
27
Calculate the remainder when 267 is divided by 63.
15
What is the remainder when 98 is divided by 11?
10
Calculate the remainder when 327 is divided by 22.
19
Calculate the remainder when 8253 is divided by 24.
21
What is the remainder when 44 is divided by 17?
10
Calculate the remainder when 528 is divided by 32.
16
Calculate the remainder when 430 is divided by 18.
16
Calculate the remainder when 8 is divided by 2.
0
What is the remainder when 9916 is divided by 13?
10
Calculate the remainder when 241 is divided by 50.
41
What is the remainder when 242 is divided by 44?
22
What is the remainder when 127 is divided by 32?
31
What is the remainder when 452 is divided by 22?
12
Calculate the remainder when 153 is divided by 27.
18
Calculate the remainder when 10394 is divided by 23.
21
Calculate the remainder when 4256 is divided by 22.
10
What is the remainder when 1374 is divided by 27